mon factor of o and 84.
7
Let t = -302 + 412. Suppose -8*k + 78 = -274. Calculate the highest common divisor of k and t.
22
Let j = -254 - -362. Let x be -8 + (-143)/((-7)/(-21)*-3). What is the highest common divisor of x and j?
27
Let y = -43 + 107. Let b = 64 - y. Suppose -3*r + 786 + 402 = b. Calculate the greatest common factor of 36 and r.
36
Let j = 163 + -155. Suppose j*u - 433 = -1. What is the greatest common divisor of 72 and u?
18
Let s be 65 - 2*(-7 - -1). What is the highest common factor of s and 1309?
77
Let g = 1589 + -952. Suppose 0*d - 39 = -3*d. What is the highest common divisor of g and d?
13
Let c be 52580/30 - (-2)/6. Suppose -c = -40*u - 433. What is the greatest common divisor of u and 44?
11
Let d be 54/(125/(-60) + 2). Let x be d/(-1*(-12)/(-32)). Suppose 2*z + x = 10*z. What is the highest common divisor of z and 24?
24
Let c be (-2)/9 - 3/((-216)/88). Suppose -2*f - c = -y + 21, 4*y - 2*f - 88 = 0. What is the highest common divisor of y and 176?
22
Let z = 34 - 30. Suppose 4*m - z - 8 = 0. Suppose 0 = -5*i + h + 122 + 360, -i + 102 = -m*h. What is the highest common divisor of i and 12?
12
Suppose -n = 4*m + 595, -586 = 4*m - 4*n + 2*n. Let w = m - -164. Let g = -15 + w. Calculate the highest common factor of 1 and g.
1
Let m = -16 - -31. Suppose -99*l = -22021 - 10649. Calculate the greatest common divisor of m and l.
15
Let h = -11596 - -11726. What is the highest common divisor of 20215 and h?
65
Suppose 3*g - 654 + 138 = 372. What is the highest common divisor of g and 703?
37
Let l = -124 + 115. Let d(z) = -z + 32. Let q be d(l). Calculate the highest common factor of q and 328.
41
Let t = -31 + 22. Let m be (30/t)/(2/(-15)). Suppose c = 3, 12*c - 15*c - 891 = -4*u. Calculate the greatest common divisor of u and m.
25
Let f = 197 + -316. Let w = f - -229. Calculate the highest common divisor of 44 and w.
22
Let j = 16380 - 13020. What is the greatest common factor of j and 352?
32
Let j(t) = -5*t**2 - 27*t + 51. Let f be j(-6). Suppose 5*b = 1237 + 83. Calculate the highest common divisor of f and b.
33
Let y be ((-23490)/609)/((-2)/56). Calculate the greatest common factor of 72 and y.
72
Let c(q) = q**3 - 19*q**2 - 52*q + 22. Let k be c(22). Suppose 2*f - k = -4*f. Calculate the highest common divisor of f and 22.
11
Let s(k) = -273*k - 7732. Let m be s(-104). What is the greatest common divisor of m and 20?
20
Let x be 1/2 - 15/(-6). Suppose 1 = -4*b + 2*q + x, q = 5*b - 1. Suppose -16*r + 11*r + 945 = b. Calculate the highest common factor of 27 and r.
27
Let j be 94/(-4) - 25/(-10). Suppose -4*t + 124 = 4. Let i = t + j. What is the greatest common divisor of 36 and i?
9
Let y(l) = 4*l**2 + 18*l. Let s be y(-3). Let o be (-284)/s + (-158)/18 + 9. What is the greatest common factor of 6 and o?
2
Let y(u) = -u**2 + 39*u + 7. Let a be y(38). Let b = a - 35. What is the highest common divisor of b and 20?
10
Let l(j) = 3 - j + 6 + 3*j**2 + 0*j**2. Let u be l(-4). Let x = u - 52. Calculate the highest common divisor of 6 and x.
3
Let c = 193 + -141. Suppose c = 3*n + w, 20 = n - 0*w - w. What is the greatest common factor of n and 306?
18
Let g(u) = -29*u + 397. Let n be g(13). Suppose 7*r = 3*r + 1280. Calculate the highest common divisor of n and r.
20
Suppose 0 = 2*h - 5 + 11, -l - 4*h = 4. Let r be (-9*(-9)/6 - 1)*l. Suppose -80 = -r*q + 95*q. Calculate the highest common factor of 144 and q.
16
Let p be -3*(4 + -2 - 11). Let w = -715 - -717. Suppose 2*x + 5*n - 491 = 0, -5*x = -2*n - w*n - 1211. Calculate the greatest common divisor of x and p.
27
Let n = 1343 - 1318. Calculate the highest common divisor of 40 and n.
5
Suppose 7*v = -2*h + 14377, -45*v + 40*v = -h - 10279. Calculate the greatest common divisor of v and 40.
5
Let h be ((-604)/(-10))/((-4 - -1)/(-75)). What is the highest common factor of h and 40?
10
Let m be (-1092)/182 + (-3)/((-3)/1786). Calculate the greatest common divisor of 60 and m.
20
Let j(r) = -107*r - 2941. Let t be j(-33). Calculate the greatest common factor of 130 and t.
10
Let a(r) = -r**2 + 4*r - 1. Let x be a(2). Suppose 0 = 4*s + 2*h - 358, 2*s + x*h - 188 + 15 = 0. What is the highest common factor of 7 and s?
7
Suppose 6*o = -o - 5*o. Suppose o = -127*m + 130*m - 144. Calculate the highest common factor of m and 384.
48
Let r be 5 + 37/((-259)/14). Suppose -3*f - 54 = -5*f. Let x be -3*1/(-3)*f. Calculate the greatest common factor of x and r.
3
Let g = -237 - -260. Suppose -13*n + g*n = 700. Calculate the highest common divisor of 20 and n.
10
Suppose 19 = 34*m - 28*m - 1469. What is the greatest common divisor of 1612 and m?
124
Let f = -30 + 46. Let d = f - -13. Let z be (-1214)/(-14) - (-8)/28. Calculate the highest common divisor of d and z.
29
Let b = -4105 + 4269. Calculate the greatest common factor of b and 492.
164
Let o = -92 + 197. Suppose 61*q + 1120 = 77*q. Calculate the highest common divisor of o and q.
35
Suppose -20 = 5*x, 184*x = 3*c + 179*x - 521. Calculate the greatest common divisor of 2 and c.
1
Suppose 110 = 5*m + 4*w, m - 1 = 2*w + 7. Suppose 0 = -2*z + 4*i - 2066 + 2062, -z + 4*i - 10 = 0. Calculate the highest common divisor of m and z.
6
Let f = -2142 - -2838. What is the highest common factor of f and 240?
24
Suppose -532*s = -593*s + 671. What is the highest common divisor of 1232 and s?
11
Suppose 2*d = -2*d + 2392. Suppose 44*g - 179*g - 8*g = 28314 - 34892. Calculate the highest common factor of d and g.
46
Let m(l) = 49*l - 88. Let i be m(2). Let t be (-1)/2 - 18/12 - 1. Let a be t/15 + 1251*(-1)/(-5). Calculate the greatest common divisor of a and i.
10
Let d = 66 - 35. Suppose -4*m - 3*w + 44 = 0, -4*m - w = -d - 13. Let c be (17 + (2 - -3))*m. What is the greatest common divisor of 22 and c?
22
Let y = 19 - 28. Let q be 24/y + (-1)/(-3)*-1. Let s be 9/(-2)*104/(-6) + q. What is the greatest common divisor of 30 and s?
15
Let c = -2423 - -3541. What is the highest common factor of c and 86?
86
Let f(g) = -4*g - 15. Let m be f(-4). Let b = 3 - m. Suppose -3*n = -b*i + 365, -n = 8*i - 4*i - 737. What is the greatest common divisor of i and 23?
23
Let z(l) = 5*l - 88. Let q be z(22). Suppose u - 3 = 2*u. Let m = -1 - u. What is the highest common divisor of m and q?
2
Let z = 222 + 161. Let v = 448 - z. Calculate the highest common divisor of 5 and v.
5
Suppose -21029 = -5*w + m + 2543, 0 = 5*m - 15. Calculate the highest common factor of 5 and w.
5
Let i = 34095 - 33465. What is the greatest common factor of i and 3024?
126
Let d be (2 + -3 + -32)/(-1). Let o(q) = -q**2 + 17*q + 728. Let s be o(36). Calculate the greatest common factor of d and s.
11
Suppose 0 = 8*i + 4059 - 547. Let t = i + 498. Calculate the greatest common divisor of t and 767.
59
Let f be 7/((-210)/(-72))*25. Suppose c = 5*x + 82, -5*c + 145 = -2*x - 196. Suppose 0 = 2*b - c + 19. What is the greatest common divisor of b and f?
12
Suppose 4*s - 404 = -5*g, 10*g = 7*g + 12. What is the highest common divisor of s and 1296?
48
Let p be (-214)/4 + -2*2/8. Let m be (-1*1)/(p/9882). What is the greatest common factor of 3 and m?
3
Suppose 3*k = 9*k - 528. Suppose -k*s + 90*s = -148. Let b = s + 77. Calculate the highest common divisor of 21 and b.
3
Let d(c) = -c**3 + 9*c**2 - 2*c + 6. Let y be d(8). Let b = 63 - y. Calculate the highest common factor of b and 144.
9
Let y be 6 - 32/40*10/4. Suppose y*z = 36 + 84. Suppose -j + 60 + 90 = 0. Calculate the greatest common divisor of j and z.
30
Suppose 987 - 67 = -10*f. Let y = f + 80. Let x be (2/(-8))/(3/y). What is the greatest common divisor of 21 and x?
1
Suppose b = -b - 4*p + 28, -2*b - 7 = -3*p. Suppose -4 = b*v - 12. Suppose -2*g = -v*l - 8 - 12, -l = g. What is the greatest common divisor of 5 and g?
5
Suppose -4*k + 3 = -j - 8*k, 5*j = 2*k + 29. Suppose -j*u = -c - 1545, -2*c = 35*u - 40*u + 1550. What is the greatest common divisor of 28 and u?
28
Suppose 2*f = -t + 1746, 3490 = 2*t - 217*f + 222*f. Calculate the highest common divisor of t and 280.
70
Let w = -1997 + 2027. Calculate the greatest common divisor of w and 1110.
30
Let q = -427 + 581. Suppose 0 = q*o - 137*o - 408. What is the greatest common divisor of 264 and o?
24
Suppose l + 997 = 5*w, -247*l + 250*l - 375 = -2*w. What is the greatest c